30. Let w be b(-1). Calculate the greatest common divisor of w and 12.
12
Suppose -4*m + 254 = 4*n - 194, -5*m = n - 112. Suppose -2*w + 82 = -n. Suppose -100*f + w*f + 864 = 0. Calculate the greatest common factor of f and 24.
24
Let d = 474 + -439. Calculate the greatest common divisor of 4025 and d.
35
Let x(d) = -1 - 1 - 84*d + 1 + 196*d - 87*d. Let q(i) = i - 3. Let m be q(4). Let g be x(m). What is the greatest common factor of 192 and g?
24
Let a(j) = 2*j**3 + 75*j**2 + 23*j - 513. Let r be a(-37). Let t be (-1)/(3/5)*-21. What is the greatest common divisor of t and r?
5
Let g be (-5 - -4 - -1338) + 4/(-2). Suppose -42*i - g = -57*i. What is the highest common factor of 623 and i?
89
Let j(q) = q**3 + 93*q**2 - q + 55. Let w be j(-93). Calculate the highest common divisor of w and 84.
4
Let g(i) = i**3 + 7*i**2 - 6. Let y = -31 + 199. Let o be y/(-27) - (-6)/27. Let b be g(o). Calculate the highest common factor of b and 150.
30
Let u be ((-704)/(-20))/(6/45). Let r = 32 + -32. Suppose 5*p + 39 - 159 = r. What is the greatest common divisor of u and p?
24
Let s be ((-13)/(-1) - -50) + -11 + 2. What is the highest common divisor of s and 4131?
27
Suppose -154*a + 29792 = 112*a. Calculate the highest common divisor of 54 and a.
2
Let r = 55612 + -55106. Suppose -6 = 4*b + t, -5*b + 4*t - 10 = 8. Let x be 1/((-1)/b) + 44. Calculate the greatest common factor of x and r.
46
Suppose -3*f + 7*f = -3*x + 1, -3*x - 35 = -5*f. Let w(m) = -8*m + 80. Let i be w(f). Calculate the highest common divisor of 192 and i.
48
Let m(z) = -2*z**3 - 72*z**2 + 65*z - 265. Let y be m(-37). Calculate the greatest common factor of y and 4063.
17
Let m be 116 + (-72)/(-3 - 9). What is the highest common factor of m and 6?
2
Let v be -28*(((-382)/(-24))/(1/(-9)) - 7). What is the greatest common factor of 7 and v?
7
Let j be (9/((-459)/680))/((-2)/6). Calculate the highest common factor of j and 9180.
20
Let p be 0/((-3)/(-1) - 2). Let b be (0/1)/((-2 - -4)*-1). Suppose b = -p*v + v - 13. Calculate the highest common divisor of v and 91.
13
Let y be (220/8)/11*(-852)/(-15). Suppose -y = 5*l - 7*l. Suppose 92 = h - 2*b, 4*h - 4*b - 431 = -l. What is the highest common divisor of h and 22?
22
Let a(t) = 6*t - 55. Suppose -5*h - 3*k = 456, h + 3*k = -k - 98. Let d = h - -102. Let n be a(d). What is the highest common factor of n and 136?
17
Let t(m) = -m**3 - 8*m**2 - 12*m + 4. Let g be t(-6). Let y be ((-25)/10 + g)*(-182)/(-3). Let p = 12 - -1. Calculate the highest common divisor of p and y.
13
Let b(x) = 12*x + 232. Let n be b(-14). Suppose 4*q - 4*f = n, -3*f + 12 = q + 16. Calculate the highest common divisor of 319 and q.
11
Let i(l) = -l**3 - 6*l**2 + 10*l + 8. Let w be i(-9). Suppose 2*q = -103 + w. What is the highest common divisor of 145 and q?
29
Let b(t) = 3*t**2 + 176*t + 3115. Let o be b(-35). Calculate the greatest common factor of 18 and o.
18
Suppose 2*f + 17 = 3*c, 0*f - f - 7 = -c. Let q(h) = -h**2 - h**2 + 12*h + h**c - 2*h**3. Let t be q(-5). What is the greatest common divisor of t and 15?
15
Let w be (8/(-10))/(20/50). Let f be (w/(-1))/(35/70). Calculate the highest common divisor of f and 44.
4
Let k(t) = -t**2 - t. Let m be k(-1). Let g be 6*2 + m/(-2). Let c be (-70488)/(-4005) + 54/(-15) + 4. Calculate the greatest common divisor of g and c.
6
Let r be 2775/(-50)*(-36916)/66. Calculate the highest common divisor of 37 and r.
37
Let x = -3646 - -4156. Calculate the greatest common factor of x and 150.
30
Let m(r) be the third derivative of -r**5/60 - 2*r**4/3 - 15*r**3/2 - 2*r**2 + 8*r. Let k be m(-11). Calculate the highest common divisor of k and 90.
10
Let l be (3150/(-8))/(-7)*48. Calculate the highest common factor of l and 24.
12
Suppose 19*h + 3690 = 60*h. Let t be 137/2 - 6/(-4). Let d = h - t. What is the highest common divisor of 80 and d?
20
Let n(m) = -m**2 - 26*m - 21. Let w be n(-23). Let u be (2 + -5 + 2)*33. Let v = u + w. Calculate the highest common factor of v and 60.
15
Let m be 12/(-42) - (12 + (-13620)/140). What is the highest common factor of 85 and m?
85
Suppose 8 = 38*m - 36*m. Suppose -m*v = -3*v - 5. Let q(w) = 24*w + 33. Let s be q(v). What is the greatest common divisor of 102 and s?
51
Suppose -r - 5*r = -600. Suppose 2*c + 150 = 8*c. Calculate the highest common factor of r and c.
25
Let l be -10*(4 - 2 - 3). Suppose l*q = 3*q + 126. Let z(v) = 2*v - 12. Let w be z(24). Calculate the highest common factor of w and q.
18
Let k(i) = -9*i**3 + 2*i**2 - 3*i + 4. Let s be k(-4). What is the greatest common factor of s and 144?
48
Let q(j) = j**3 - 54*j**2 + 485*j - 42. Let g be q(11). What is the highest common factor of 1185 and g?
15
Suppose 0 = -4*m - 26 + 6, 4*a = 3*m + 1007. Suppose -3*h - 144*d + 145*d + 87 = 0, -123 = -3*h - 5*d. What is the greatest common divisor of h and a?
31
Let z(s) = 101*s - 1424. Let r be z(19). What is the highest common divisor of r and 195?
15
Suppose 0 = -5*z + 3*x + 498, 2*z - 147*x - 162 = -152*x. What is the greatest common divisor of 160 and z?
32
Let w = 17528 - 17523. Calculate the highest common divisor of w and 9365.
5
Suppose -5*w - 4*m + 90915 = 89239, w = -2*m + 328. Suppose -2*t + 816 = t. Calculate the greatest common divisor of t and w.
68
Let n = 300 - 326. Let j(k) = -5*k - 95. Let r be j(n). What is the highest common factor of 770 and r?
35
Suppose 0 = -16*n + 960 + 5376. Let s = -384 + n. What is the greatest common divisor of 48 and s?
12
Suppose 5*s - 546 + 206 = 0. Suppose 3*o - s = -20. Let b(q) = 5*q**3 - 3*q**2 + 2*q - 2. Let z be b(3). Calculate the greatest common factor of o and z.
16
Let v = -407 + 410. Suppose -k + 2*p - v = -17, -3*k - 3*p = -87. What is the highest common divisor of k and 8?
8
Let t(w) = 70*w**2 + 8*w - 12. Let x be t(3). Let o = -635 + x. Calculate the greatest common factor of o and 161.
7
Suppose 0 = 3*q - 13 - 227. What is the greatest common factor of 1376 and q?
16
Let u = -321 + 350. Calculate the highest common factor of 16 and u.
1
Let b be ((-3696)/(-484))/(4/66). Let h(f) = -f**3 + 5*f**2 - 5*f + 1. Let n be h(4). Let d be (3 - (-5)/n)*27. What is the greatest common factor of b and d?
18
Suppose 0 + 4 = -j - 3*t, 0 = -4*j - 5*t - 9. Let z be j + -2 - (-23 + 8). What is the greatest common divisor of 24 and z?
12
Let d be 10/12 + 11/((-858)/(-33631)). Suppose 53*i = -i + d. Suppose 0*g - g = -4. What is the highest common factor of i and g?
4
Let f(n) = -n**3 - 10*n**2 + 5*n - 4. Let t be f(-12). Let d be 2 - (t/4)/(-8). What is the greatest common divisor of 1 and d?
1
Suppose -13*q - 6*q = -12027. Suppose 8*z = q + 455. Let n(s) = -17*s. Let b be n(-1). Calculate the greatest common factor of b and z.
17
Let k(s) = 3*s**3 - 216*s**2 + 217*s - 136. Let o be k(71). What is the highest common factor of o and 148?
148
Suppose 81 = 15*x + 17*x - 29*x. What is the highest common divisor of 2637 and x?
9
Suppose 2*l - 2*h = 1444, -481 = -2*l + 5*h + 963. What is the highest common factor of l and 190?
38
Let q = -235 - 23. Let x be ((-385)/105)/(0 - (-2)/q). What is the highest common divisor of x and 43?
43
Let d = -838 + 1008. Suppose -4*b + 204 = 5*h, -202 = -5*h - 3*b + b. Calculate the greatest common factor of h and d.
10
Let y(b) = 44*b + 363. Let i be y(-8). Calculate the highest common divisor of i and 517.
11
Let c(v) = v**2 - 103*v + 21. Let m be c(-16). Calculate the greatest common factor of 154 and m.
77
Suppose -2*n + 6*n - w = 2887, -5*n + 3608 = -w. What is the highest common divisor of 35 and n?
7
Suppose 0 = -h + 3*r + 69, 5*h + 5*r - 136 - 109 = 0. Let g be 9/(9/2) - -43. Calculate the highest common factor of g and h.
9
Let b = 507 + -812. Let i = 315 + b. What is the greatest common divisor of 170 and i?
10
Let n = -4952 + 5159. Calculate the greatest common factor of 874 and n.
23
Let w(o) = -4*o + 36. Let l be w(7). Suppose 0 = -2*c + l, -3*b + 4*b - 85 = 2*c. Let j = b + -74. What is the highest common divisor of j and 152?
19
Let u(t) = -4*t**3 - t**2 - 8*t + 2. Let x be u(4). Let p = x + 425. What is the greatest common factor of p and 82?
41
Let q be ((-4)/1)/(73/(-8541)). Calculate the greatest common factor of 8 and q.
4
Let q(v) be the first derivative of -57*v**4/4 - 2*v**3 - 3*v**2 + 